ide 33521?
False
Is 744 a multiple of 24?
True
Does 72 divide 3672?
True
Does 74 divide 1998?
True
Does 10 divide 2233?
False
Is 44 a factor of 10164?
True
Does 122 divide 39988?
False
Is 10 a factor of 1330?
True
Is 44 a factor of 5720?
True
Is 47 a factor of 44509?
True
Does 9 divide 8473?
False
Is 19 a factor of 96?
False
Is 3 a factor of 33?
True
Is 6 a factor of 672?
True
Is 62 a factor of 310?
True
Is 7448 a multiple of 14?
True
Is 200 a factor of 20600?
True
Is 4640 a multiple of 40?
True
Does 8 divide 576?
True
Is 17 a factor of 11425?
False
Does 6 divide 2244?
True
Does 51 divide 1044?
False
Does 43 divide 330?
False
Is 8 a factor of 5760?
True
Is 427 a multiple of 7?
True
Is 14861 a multiple of 23?
False
Is 223 a multiple of 6?
False
Is 9 a factor of 2367?
True
Does 65 divide 555?
False
Is 73 a factor of 24229?
False
Is 63 a factor of 6174?
True
Is 2486 a multiple of 5?
False
Does 71 divide 162?
False
Is 22 a factor of 11286?
True
Does 55 divide 95260?
True
Is 2322 a multiple of 27?
True
Is 252 a multiple of 9?
True
Does 18 divide 612?
True
Is 51 a factor of 1887?
True
Is 114 a factor of 11643?
False
Is 26382 a multiple of 159?
False
Does 16 divide 1040?
True
Does 7 divide 12735?
False
Is 1687 a multiple of 11?
False
Does 33 divide 858?
True
Is 11 a factor of 289?
False
Is 16 a factor of 544?
True
Is 18 a factor of 8667?
False
Does 21 divide 11298?
True
Does 6 divide 563?
False
Does 4 divide 273?
False
Does 31 divide 6262?
True
Does 14 divide 9758?
True
Is 20520 a multiple of 24?
True
Is 24 a factor of 648?
True
Does 2 divide 12828?
True
Is 29 a factor of 1769?
True
Is 8960 a multiple of 40?
True
Does 8 divide 433?
False
Does 131 divide 53793?
False
Is 2323 a multiple of 41?
False
Is 914 a multiple of 15?
False
Is 7406 a multiple of 161?
True
Is 1234 a multiple of 5?
False
Is 13709 a multiple of 19?
False
Does 167 divide 5535?
False
Is 7 a factor of 11200?
True
Is 15 a factor of 2696?
False
Does 63 divide 819?
True
Is 3243 a multiple of 121?
False
Is 66874 a multiple of 362?
False
Is 1330 a multiple of 14?
True
Does 76 divide 3248?
False
Does 52 divide 1120?
False
Does 119 divide 3479?
False
Is 5825 a multiple of 18?
False
Is 1700 a multiple of 17?
True
Is 12 a factor of 516?
True
Is 3 a factor of 405?
True
Is 16954 a multiple of 14?
True
Is 10 a factor of 460?
True
Does 12 divide 14988?
True
Is 39 a factor of 3698?
False
Is 3131 a multiple of 49?
False
Is 59 a factor of 301?
False
Does 57 divide 7051?
False
Is 17 a factor of 170?
True
Is 15 a factor of 3285?
True
Is 927 a multiple of 8?
False
Is 57609 a multiple of 37?
True
Is 9988 a multiple of 67?
False
Is 24175 a multiple of 9?
False
Is 13 a multiple of 13?
True
Does 52 divide 2704?
True
Is 15 a factor of 19607?
False
Is 62 a factor of 24006?
False
Is 68 a factor of 22780?
True
Is 12 a factor of 707?
False
Does 36 divide 15876?
True
Is 27021 a multiple of 16?
False
Is 32382 a multiple of 21?
True
Is 48 a factor of 720?
True
Is 46903 a multiple of 16?
False
Is 1134 a multiple of 27?
True
Does 28 divide 2343?
False
Does 13 divide 664?
False
Does 28 divide 10332?
True
Does 15 divide 252?
False
Does 119 divide 47481?
True
Is 1029 a multiple of 7?
True
Is 2717 a multiple of 4?
False
Is 11 a factor of 10032?
True
Does 45 divide 701?
False
Does 302 divide 17867?
False
Is 6624 a multiple of 24?
True
Is 9 a factor of 1485?
True
Is 8 a factor of 2468?
False
Is 32 a factor of 384?
True
Is 2977 a multiple of 13?
True
Is 239 a multiple of 33?
False
Does 85 divide 61965?
True
Is 104 a factor of 4373?
False
Is 6 a factor of 342?
True
Is 1380 a multiple of 92?
True
Is 3154 a multiple of 20?
False
Does 4 divide 1216?
True
Does 9 divide 5301?
True
Is 700 a multiple of 72?
False
Does 18 divide 198?
True
Is 11 a factor of 15411?
True
Is 1440 a multiple of 5?
True
Is 2 a factor of 5538?
True
Does 11 divide 2849?
True
Does 50 divide 3980?
False
Does 11 divide 4319?
False
Is 26 a factor of 3634?
False
Is 6399 a multiple of 13?
False
Is 121 a factor of 12463?
True
Does 207 divide 80316?
True
Is 10117 a multiple of 67?
True
Is 64 a factor of 4010?
False
Is 3 a factor of 105?
True
Is 991 a multiple of 14?
False
Is 960 a multiple of 30?
True
Is 106 a factor of 10282?
True
Is 88450 a multiple of 145?
True
Does 12 divide 18166?
False
Is 228 a multiple of 12?
True
Is 74 a factor of 224?
False
Does 10 divide 4776?
False
Is 131 a factor of 29868?
True
Is 3761 a multiple of 23?
False
Is 119 a factor of 5761?
False
Is 23 a factor of 1740?
False
Does 6 divide 6845?
False
Is 7 a factor of 560?
True
Is 112 a multiple of 56?
True
Does 68 divide 1020?
True
Is 129 a multiple of 4?
False
Is 19 a factor of 1107?
False
Is 814 a multiple of 74?
True
Is 2418 a multiple of 39?
True
Is 11724 a multiple of 25?
False
Is 22120 a multiple of 10?
True
Does 3 divide 1608?
True
Is 4256 a multiple of 38?
True
Does 10 divide 37230?
True
Is 66 a factor of 1056?
True
Is 24 a factor of 10101?
False
Does 66 divide 776?
False
Is 11 a factor of 539?
True
Is 3090 a multiple of 30?
True
Does 230 divide 101430?
True
Is 1840 a multiple of 23?
True
Is 17 a factor of 23596?
True
Is 13148 a multiple of 86?
False
Is 1205 a multiple of 27?
False
Is 69966 a multiple of 26?
True
Does 76 divide 94194?
False
Is 2340 a multiple of 60?
True
Does 45 divide 100035?
True
Is 51 a factor of 408?
True
Is 2422 a multiple of 16?
False
Is 3478 a multiple of 19?
False
Does 33 divide 2597?
False
Does 16 divide 565?
False
Is 11 a factor of 2493?
False
Does 130 divide 46674?
False
Is 1204 a multiple of 81?
False
Is 126 a factor of 2150?
False
Does 40 divide 80?
True
Does 23 divide 358?
False
Is 57 a factor of 272?
False
Is 216 a factor of 58536?
True
Is 2288 a multiple of 26?
True
Is 144 a multiple of 12?
True
Does 6 divide 5952?
True
Does 24 divide 400?
False
Is 14 a factor of 182?
True
Does 4 divide 179?
False
Is 885 a multiple of 9?
False
Is 7101 a multiple of 3?
True
Does 130 divide 32793?
False
Does 39 divide 20134?
False
Is 6 a factor of 9682?
False
Is 11 a factor of 13013?
True
Does 37 divide 2921?
False
Is 15 a factor of 22590?
True
Does 7 divide 2058?
True
Is 47 a factor of 2877?
False
Is 314 a multiple of 34?
False
Is 3817 a multiple of 11?
True
Is 73715 a multiple of 115?
True
Does 10 divide 33439?
False
Is 6 a factor of 49?
False
Does 10 divide 1500?
True
Does 165 divide 1463?
False
Is 1056 a multiple of 17?
False
Does 4 divide 2688?
True
Does 19 divide 314?
False
Does 12 divide 4196?
False
Does 28 divide 1148?
True
Is 39 a factor of 883?
False
Does 10 divide 4670?
True
Is 11 a factor of 15441?
False
Is 1192 a multiple of 23?
False
Is 5 a factor of 279?
False
Does 42 divide 3456?
False
Does 34 divide 408?
True
Is 88 a factor of 1031?
False
Is 22648 a multiple of 298?
True
Does 13 divide 282?
False
Is 1715 a multiple of 7?
True
Is 10503 a multiple of 63?
False
Is 360 a multiple of 12?
True
Is 351 a multiple of 27?
True
Is 9 a factor of 11826?
True
Does 36 divide 2628?
True
Does 8 divide 838?
False
Does 6 divide 4458?
True
Is 851 a multiple of 48?
False
Is 65525 a multiple of 178?
False
Does 61 divide 4270?
True
Is 80 a factor of 1263?
False
Is 54 a factor of 3240?
True
Is 48 a multiple of 8?
True
Does 140 divide 23594?
False
Is 3526 a multiple of 17?
False
Does 121 divide 16123?
False
Is 66 a factor of 9504?
True
Does 5 divide 143?
False
Is 62622 a multiple of 20?
False
Is 3003 a multiple of 13?
True
Is 22 a factor of 2398?
True
Is 26 a factor of 1170?
True
Is 1430 a multiple of 10?
True
Is 6 a factor of 13264?
False
Does 15 divide 2355?
True
Does 6 divide 136?
False
Does 184 divide 34940?
False
Does 21 divide 3192?
True
Is 8 a factor of 832?
True
Does 141 divide 10568?
False
Does 128 divide 466?
False
Does 23 divide 529?
True
Is 3 a factor of 21663?
True
Does 20 divide 4020?
True
Is 23 a factor of 2922?
False
Is 558 a multiple of 6?
True
Is 570 a multiple of 6?
True
Does 9 divide 1503?
True
Is 10110 a multiple of 13?
False
Is 41512 a multiple of 6?
False
Does 22 divide 691?
False
Does 29 divide 30247?
True
Does 31 divide 4061?
True
Does 8 divide 112?
True
Does 6 divide 576?
True
Does 113 divide 1547?
False
Is 70625 a multiple of 62?
False
Is 21 a factor of 1906?
False
Does 7 divide 1164?
False
Is 5750 a multiple of 46?
True
Is 5 a factor of 215?
True
